ist the prime factors of c(-6).
433
List the prime factors of -59*(-2*(-3)/12)/(13/(-16094)).
59, 619
Let c = 3074 - -6560. List the prime factors of c.
2, 4817
Let p(d) = -6*d**2 + 57*d - 11. Let f be p(9). Suppose 11*x = -f*x + 9963. List the prime factors of x.
3, 41
Suppose 32*h + 301 = 75*h. Let i(k) = 203*k + 149. List the prime factors of i(h).
2, 5, 157
Suppose 18353*d - 18341*d = 269964. List the prime factors of d.
3, 7499
Let s(r) = 28*r + 11*r + 104 - 241 - 3*r. List the prime factors of s(24).
727
Let u(n) = 75*n**2 + 293*n + 9. List the prime factors of u(-10).
19, 241
Let k(m) = -97*m + 165. Let y be k(-6). Suppose q + y = 2*c, 9*q - 6*q + 1491 = 4*c. What are the prime factors of c?
3, 5
What are the prime factors of (464/(-20))/((-14)/8470)?
2, 11, 29
What are the prime factors of (-74680)/50*(1 + 70/(-20))?
2, 1867
Let h = 14 - 53. Let q be (-1)/(33303/16650 - 2). List the prime factors of (q/(-26))/3 + 6/h.
71
Let h = 5 - 2. Suppose -2*b - h*b - 22 = -3*t, -2*t = -5*b - 18. What are the prime factors of b/(-12) - 2324/(-24)?
97
Suppose y - 7383 = -g, -18*g - 5*y = -17*g - 7359. What are the prime factors of g?
3, 821
Let y(t) = t**3 + 62*t**2 - 28*t + 9. List the prime factors of y(-61).
2, 2719
Let a = 127 + -118. Let p(s) = -s**3 + 4*s**2 + 2. Let q be p(4). Suppose -z = -a - q. List the prime factors of z.
11
Let r(u) = -18*u - 12 - 3 + 5*u - u**3 + 3 + 15*u**2. Let l = -235 - -249. What are the prime factors of r(l)?
2
Suppose -5*b - 127600 = -5*w, 2*w + 14*b = 10*b + 51016. List the prime factors of w.
2, 6379
Let h = -420 - -198. Let v = h - -938. Let g = v - 505. List the prime factors of g.
211
Let a = -43334 - -86806. List the prime factors of a.
2, 11, 13, 19
Suppose 4*f - 1527 = 1861. Suppose -5*x + 2*l = -f, -l = 4*x - 5*l - 668. List the prime factors of x.
3, 19
List the prime factors of 1657*(10/(-12) - 1278/(-108)).
11, 1657
Let k = 4 + 64. Suppose y + 5*b = b + k, -65 = -y - b. List the prime factors of y.
2
Let n(d) = -10*d**3 + 8*d**2 - 5*d - 1. Let v(t) = 29*t**3 - 23*t**2 + 13*t + 4. Let w(x) = 11*n(x) + 4*v(x). List the prime factors of w(4).
313
Suppose 5*k - 2*k = 609. Suppose 3*a = -3*f - 222, -9*f + a - 139 = -7*f. Let g = k + f. What are the prime factors of g?
2, 3, 11
Suppose -65*a - 852196 = -124*a. List the prime factors of a.
2, 23, 157
Let f(w) = w**3 - 3*w**2 + 2*w + 1. Let a be f(2). List the prime factors of (-64)/6*120/(-3 + a).
2, 5
Let q(a) = -3*a - 1 - 4*a - 22*a + 27*a + 64*a**2. Let s = 2 + -3. List the prime factors of q(s).
5, 13
Let l = 1295 - -1501. Suppose -75*g + l = -69*g. List the prime factors of g.
2, 233
Let p(f) = f**3 + 15*f**2 + 20*f + 20. Suppose 0*h + 5*h = 20. Let t be (1 - 11/(-2))/((-2)/h). What are the prime factors of p(t)?
2, 7
Let u be (8/20)/(1/3910). Suppose -3*n - 783 = -p, -6*n - u = -2*p - 2*n. List the prime factors of p.
2, 3, 5, 13
What are the prime factors of (-10*14/35)/(16/(-58708))?
13, 1129
Let m = 336 + -337. What are the prime factors of ((-81)/(-18))/m*-6?
3
Suppose 0 = -k - 4*k + 10. Let a be k + -2 + -1 + 6. Suppose -a*p - 1 = 3*g - 57, 64 = 4*g + 4*p. What are the prime factors of g?
2, 3
Suppose -5*p + 0*p + 5*u + 7020 = 0, -4*p + 5580 = 5*u. Let j = p + -792. List the prime factors of j.
2, 19
Suppose -26*q = -8*q. Suppose 0 = -3*n - 6, q*n + 4*n + 564 = 4*s. What are the prime factors of s?
139
Suppose 2 = 4*k - 22. List the prime factors of ((-4)/(-6))/(k/1161) + -4.
5
Let m(d) = 381*d**2 + 69*d - 92. What are the prime factors of m(-12)?
2, 11, 613
Let j be (2/6)/((-7)/(-63)). Suppose -20 = h + j*h, q - 2*h = -8. What are the prime factors of (14/(-4) + 2)/(1/q)?
3
Let c be -19 + 13 - (1 - 8). Let z(a) = 1403*a. What are the prime factors of z(c)?
23, 61
Suppose -16*q + 12*q = -848. List the prime factors of (q/6)/(387/54 + -7).
2, 53
What are the prime factors of 3192/84*(374/4 + 2)?
19, 191
Let s(g) = -13*g - 2543*g**3 - 3*g**2 + 4*g - 1 + 2550*g**3 + 3. List the prime factors of s(5).
757
What are the prime factors of (-985)/((-128)/(-56) + -3)?
7, 197
List the prime factors of 32 - 28 - (3 - 1 - 1) - -12810.
3, 4271
List the prime factors of 2*(7923/18 + 3/(13 + -4)).
881
Let q = -191 - 22. Let h = 70 - q. List the prime factors of h.
283
Suppose 5688 = 5*r - 9897. Let y = r - 2155. What are the prime factors of y?
2, 13, 37
Let h(o) = -167*o**3 - 15*o**2 + 43*o + 7. Let t(s) = -250*s**3 - 22*s**2 + 65*s + 11. Let l(n) = -8*h(n) + 5*t(n). List the prime factors of l(2).
13, 53
Let h = 9031 - 4411. What are the prime factors of h?
2, 3, 5, 7, 11
Suppose 0 = -2*x + 2*b - 11 - 45, -2*x = -5*b + 47. Let r be x - (-1 - 3/6*-6). Let t = -12 - r. List the prime factors of t.
3, 7
Let h = 81 + -68. Suppose -7*a - 30 = -h*a. Suppose 0*q + a*p = 2*q - 445, -5*p + 475 = 2*q. List the prime factors of q.
2, 5, 23
What are the prime factors of (-38202)/(-7) - (-6)/(-56)*(-112)/(-28)?
3, 17, 107
Let o = -42 + 47. Suppose o*h - 5*x - 85 = 0, 0 = -h - 4*h - 5*x + 35. List the prime factors of 312/18 + 8/h.
2, 3
Let x = 272 - 276. List the prime factors of 16/((-282)/71 - x).
2, 71
Suppose 2*f = -2*p - 0*f + 14, 8 = 2*f. Suppose -2*w = p*w + 4*b - 89, -b = -5*w + 109. List the prime factors of w.
3, 7
Let q(c) = c**3 + 4*c**2 - c - 2. Let n be q(-4). Let b(w) = -48*w**2 + 33*w**n - 13 + 27*w**2 + 9*w + w**3. List the prime factors of b(-7).
13
Let c be 1/6 - (-345)/90. Let d(u) = -9*u + 13 + 7*u - c*u. List the prime factors of d(-5).
43
Suppose p - 13 = -2*b, p + 0*b + 5*b - 25 = 0. Let h(l) = 7*l - 46. Let q be h(10). Suppose -q = p*s - 364. What are the prime factors of s?
2, 17
Let f = 49 - 49. Suppose f = -8*j - 36 - 84. Let m(w) = w**2 + 13*w - 1. What are the prime factors of m(j)?
29
Suppose 11*c - 5513 = 6499. Suppose 0 = -13*i + i + c. What are the prime factors of i?
7, 13
Let u be -6 - -6 - ((-2)/(-1) - 3). Let a be (3 - (-4)/((-4)/u)) + 3. Suppose a*i - 2*b = 2*i + 143, 0 = -2*i + 5*b + 99. List the prime factors of i.
47
Let l(b) = 177*b - 2988. What are the prime factors of l(17)?
3, 7
Let g = 1178 + 172. Let d = g + -676. Suppose -4*t - 190 = -d. List the prime factors of t.
11
Let r(f) = -2*f + 24. Let y be r(11). What are the prime factors of 1/(y/(-1 - -755))?
13, 29
Let v(w) = 2*w + 34. Let o = 318 + -315. List the prime factors of v(o).
2, 5
What are the prime factors of (69/207)/((-4)/(-889248))?
2, 59, 157
Suppose -25*a + 42791 - 2622 = -127631. List the prime factors of a.
2, 839
Let x(l) = 7*l**2 - 3*l + 6. List the prime factors of x(-15).
2, 3, 271
Let h = -14 - -13. Let r(q) = q**3 - 1. Let a(w) = -5*w**3 + w - 5. Let v(g) = a(g) - 5*r(g). List the prime factors of v(h).
3
Suppose 168*v - 7089886 = 48*v + 3711914. List the prime factors of v.
3, 5, 17, 353
Let p(r) = -313*r - 149. Let x be p(-29). Suppose -13*v + x + 7166 = 0. List the prime factors of v.
2, 619
Let u = 165 - 175. What are the prime factors of ((13 + u)/(-3))/(2/(-1434))?
3, 239
Let l be 4/6 - (-42)/(-9) - -4. Suppose 0 = 3*k - 12 - l. Suppose 2*o + p - 502 = 0, 3*o + k*p = 2*o + 258. What are the prime factors of o?
2, 5
Suppose q - 9 + 4 = 0. Suppose -115 = -5*b + q*n - 0*n, 5*b + n = 115. What are the prime factors of b - 2 - (3 - 2)?
2, 5
Let k(t) = t**3 + 38*t**2 - 16*t - 35. What are the prime factors of k(-30)?
5, 11, 139
List the prime factors of ((-441)/2 - 2)/((-15876)/(-3976) - 4).
5, 71, 89
Suppose g + 0*g - 56 = 4*v, 5*g + 2*v - 192 = 0. Let i = g + -34. Let b(d) = 20*d + 15. What are the prime factors of b(i)?
3, 5
What are the prime factors of (-8)/((-48)/(-145458))*(-12)/36?
8081
Let s be (-7011)/(-41)*17/3. Suppose -6*h + s = -321. List the prime factors of h.
5, 43
Suppose -165*f + 13*f = -950000. List the prime factors of f.
2, 5
Let k(v) be the second derivative of -11*v**4/12 + 23*v**3/3 - 37*v**2/2 + 38*v. Let b(a) be the first derivative of k(a). What are the prime factors of b(-7)?
2, 5
Suppose 2*f + 2*w = -2*w + 13620, 4*w + 27204 = 4*f. Suppose 2838 = 6*q - f. What are the prime factors of q?
1607
Suppose -168*n = -145*n - 1257853 - 628860. List the prime factors of n.
82031
Suppose 7*x - 92 = 27. Suppose -14*j - 2802 = -x*j. Suppose -9*m = -j - 767. What are the prime factors of m?
3, 7
Suppose 0 = 4*w + n - 979, -5*w + 2*n